divide 6734?
False
Does 27 divide 3280?
False
Does 4 divide 512?
True
Does 9 divide 1246?
False
Does 200 divide 18270?
False
Is 97 a factor of 6499?
True
Does 139 divide 9755?
False
Is 146 a factor of 54312?
True
Is 12650 a multiple of 46?
True
Is 216 a multiple of 18?
True
Is 28 a factor of 420?
True
Does 29 divide 845?
False
Is 1836 a multiple of 34?
True
Does 31 divide 4328?
False
Is 52 a factor of 11402?
False
Does 113 divide 14916?
True
Is 22 a factor of 39160?
True
Is 15 a factor of 1990?
False
Is 15 a factor of 28050?
True
Does 23 divide 2878?
False
Is 67 a factor of 134?
True
Does 4 divide 6914?
False
Is 4 a factor of 16?
True
Is 13089 a multiple of 24?
False
Is 1596 a multiple of 3?
True
Is 169 a factor of 3220?
False
Does 14 divide 1513?
False
Does 40 divide 874?
False
Is 7139 a multiple of 11?
True
Does 146 divide 31828?
True
Does 43 divide 3268?
True
Is 31 a factor of 4557?
True
Is 3754 a multiple of 81?
False
Is 11 a factor of 4642?
True
Is 29 a factor of 957?
True
Is 21418 a multiple of 16?
False
Is 139 a factor of 79641?
False
Does 8 divide 408?
True
Does 146 divide 5157?
False
Does 44 divide 2007?
False
Is 32 a factor of 111013?
False
Does 6 divide 1488?
True
Does 9 divide 81216?
True
Is 36 a factor of 6012?
True
Is 143 a multiple of 13?
True
Is 30 a multiple of 15?
True
Is 85 a factor of 1083?
False
Is 26 a factor of 1460?
False
Is 59 a factor of 10148?
True
Is 233 a factor of 34170?
False
Does 16 divide 184?
False
Does 104 divide 3016?
True
Is 22 a factor of 973?
False
Is 812 a multiple of 14?
True
Is 10752 a multiple of 48?
True
Is 15 a factor of 34772?
False
Does 74 divide 8393?
False
Is 3 a factor of 2600?
False
Does 20 divide 737?
False
Is 57 a factor of 7182?
True
Is 15 a factor of 263?
False
Does 22 divide 88?
True
Is 2 a factor of 132?
True
Is 800 a multiple of 25?
True
Does 4 divide 168?
True
Is 15630 a multiple of 80?
False
Is 14 a factor of 16032?
False
Does 8 divide 23654?
False
Is 12 a factor of 552?
True
Is 89 a factor of 14151?
True
Is 58 a multiple of 6?
False
Is 5 a factor of 1270?
True
Is 5841 a multiple of 33?
True
Does 7 divide 419?
False
Is 72 a multiple of 5?
False
Does 134 divide 64186?
True
Does 38 divide 47956?
True
Does 129 divide 1032?
True
Is 880 a multiple of 44?
True
Is 14028 a multiple of 21?
True
Is 3 a factor of 182?
False
Does 20 divide 680?
True
Is 13 a factor of 178?
False
Does 105 divide 6720?
True
Does 100 divide 3000?
True
Is 2477 a multiple of 6?
False
Is 23821 a multiple of 41?
True
Is 1856 a multiple of 16?
True
Is 60 a multiple of 18?
False
Is 1978 a multiple of 43?
True
Does 81 divide 1053?
True
Is 10 a factor of 110?
True
Does 20 divide 38595?
False
Is 4731 a multiple of 19?
True
Is 115 a factor of 7479?
False
Is 81 a factor of 10287?
True
Does 11 divide 2475?
True
Is 39007 a multiple of 101?
False
Is 73 a factor of 6424?
True
Is 73 a factor of 4745?
True
Is 15 a factor of 15545?
False
Does 16 divide 7638?
False
Is 12 a factor of 192?
True
Is 27 a factor of 30537?
True
Is 10289 a multiple of 22?
False
Is 67608 a multiple of 12?
True
Is 37 a factor of 111?
True
Is 230 a factor of 58420?
True
Does 13 divide 1144?
True
Is 18 a factor of 27288?
True
Is 44 a factor of 1332?
False
Is 67 a factor of 215?
False
Is 83 even?
False
Is 13606 a multiple of 7?
False
Is 8 a factor of 678?
False
Is 456 a multiple of 6?
True
Does 42 divide 12432?
True
Is 44 a factor of 12276?
True
Is 335 a multiple of 67?
True
Is 47921 a multiple of 117?
False
Is 2236 a multiple of 26?
True
Does 76 divide 2469?
False
Does 13 divide 715?
True
Does 14 divide 474?
False
Is 34 a factor of 637?
False
Is 5311 a multiple of 28?
False
Is 2136 a multiple of 24?
True
Is 3256 a multiple of 74?
True
Does 6 divide 4356?
True
Is 15 a factor of 7285?
False
Does 12 divide 2584?
False
Does 62 divide 89152?
False
Is 16 a factor of 930?
False
Does 98 divide 1404?
False
Does 34 divide 170?
True
Does 15 divide 91468?
False
Does 12 divide 288?
True
Does 3 divide 118?
False
Does 82 divide 65600?
True
Is 3 a factor of 888?
True
Does 50 divide 7104?
False
Does 19 divide 4476?
False
Is 9 a factor of 1230?
False
Is 11027 a multiple of 31?
False
Does 11 divide 372?
False
Is 277 a multiple of 2?
False
Does 6 divide 156?
True
Is 27187 a multiple of 215?
False
Does 11 divide 4133?
False
Does 11 divide 1144?
True
Is 25 a factor of 11225?
True
Is 21 a factor of 1113?
True
Is 4 a factor of 2864?
True
Is 67 a factor of 4175?
False
Is 18 a factor of 13682?
False
Does 3 divide 5823?
True
Is 66 a factor of 33000?
True
Is 2 a factor of 1059?
False
Is 238 a factor of 69140?
False
Is 11 a factor of 222?
False
Is 173 a multiple of 8?
False
Is 7338 a multiple of 21?
False
Is 116 a factor of 88079?
False
Is 9720 a multiple of 45?
True
Is 56 a factor of 1400?
True
Is 61 a factor of 22814?
True
Is 18 a factor of 918?
True
Is 169 even?
False
Is 126 a multiple of 19?
False
Is 550 a multiple of 11?
True
Does 16 divide 5376?
True
Is 5 a factor of 3772?
False
Is 729 a multiple of 7?
False
Does 4 divide 176?
True
Is 68 a multiple of 17?
True
Is 6526 a multiple of 26?
True
Does 17 divide 6423?
False
Is 14 a factor of 54334?
True
Does 43 divide 308?
False
Is 147 a factor of 48402?
False
Is 90 a multiple of 45?
True
Is 1140 a multiple of 38?
True
Is 23 a factor of 6653?
False
Is 1206 a multiple of 18?
True
Is 242 a factor of 23232?
True
Is 18 a factor of 33807?
False
Is 37 a factor of 314?
False
Is 39882 a multiple of 69?
True
Is 8008 a multiple of 27?
False
Is 9 a factor of 729?
True
Is 8 a factor of 191?
False
Is 35 a factor of 412?
False
Is 29964 a multiple of 12?
True
Is 4704 a multiple of 24?
True
Is 1449 a multiple of 3?
True
Does 2 divide 401?
False
Does 74 divide 16946?
True
Does 44 divide 3520?
True
Does 11 divide 637?
False
Does 186 divide 10416?
True
Is 6 a factor of 5712?
True
Is 2727 a multiple of 27?
True
Does 21 divide 2162?
False
Is 1852 a multiple of 8?
False
Does 5 divide 5300?
True
Is 3702 a multiple of 5?
False
Is 553 even?
False
Is 16 a factor of 1392?
True
Is 174 a factor of 28045?
False
Does 34 divide 786?
False
Is 113 a multiple of 34?
False
Does 55 divide 9130?
True
Is 3888 a multiple of 16?
True
Does 92 divide 47932?
True
Is 13653 a multiple of 37?
True
Does 52 divide 9672?
True
Does 50 divide 27400?
True
Is 5 a factor of 100?
True
Does 41 divide 2337?
True
Does 37 divide 14097?
True
Is 204 a factor of 11557?
False
Is 198 a factor of 9504?
True
Is 75 a multiple of 11?
False
Is 56 a factor of 4246?
False
Is 11 a factor of 857?
False
Is 9733 a multiple of 61?
False
Does 5 divide 21?
False
Is 5500 a multiple of 6?
False
Is 5913 a multiple of 19?
False
Is 11 a factor of 995?
False
Is 17 a factor of 835?
False
Does 16 divide 463?
False
Is 28 a factor of 933?
False
Is 57235 a multiple of 6?
False
Is 4 a multiple of 3?
False
Is 20778 a multiple of 21?
False
Does 4 divide 14045?
False
Is 37 a factor of 11952?
False
Is 12 a factor of 456?
True
Is 275 a factor of 11658?
False
Does 65 divide 1105?
True
Is 4141 a multiple of 101?
True
Is 99 a factor of 1485?
True
Is 96 a factor of 38283?
False
Is 96 a multiple of 48?
True
Is 432 a multiple of 36?
True
Is 62 a factor of 868?
True
Is 27202 a multiple of 134?
True
Is 3 a factor of 3407?
False
Does 28 divide 1036?
True
Is 3 a factor of 730?
False
Is 41 a factor of 252?
False
Does 17 divide 459?
True
Is 3696 a multiple of 33?
True
Does 27 divide 729?
True
Is 23782 a multiple of 23?
True
Is 400 a multiple of 5?
True
Is 175 a multiple of 25?
True
Does 20 divide 24?
False
Is 34 a factor of 2380?
True
Does 73 divide 100326?
False
Does 17 divide 1071?
True
Does 15 divide 4346?
False
Does 10 divide 156?
False
Is 29 a factor of 434?
False
Is 1093 a multiple of 183?
False
Is 18350 a multiple of 22?
False
Is 33 a factor of 1749?
True
Is 63 a factor of 819?
True
Does 46 divide 4325?
False
Is 73 a factor of 4526?
True
Does 20 divide 40?
True
Is 36358 a multiple of 173?
False
Does 18 divide 1642?
False
Is 15 a factor of 330?
True
Is 39 a factor of 907?
False
Does 62 divide 385?
False
Is 12 a factor of 1191?
False
Is 57172 a multiple of 4?
True
Does 19 divide 15352?
True
Is 2115 a multiple of 17?
False
Is 15271 a multiple of 68?
False
Is 267 a multiple of 16?
False
Is 24 a factor of 1329?
False
Does 37 divide 36436?
Fa